{"id":24,"date":"2020-08-16T18:54:11","date_gmt":"2020-08-16T17:54:11","guid":{"rendered":"http:\/\/metalialleida.com\/?page_id=24"},"modified":"2021-04-22T08:59:32","modified_gmt":"2021-04-22T07:59:32","slug":"metalia-lleida-castellano","status":"publish","type":"page","link":"http:\/\/metalialleida.com\/","title":{"rendered":""},"content":{"rendered":"\n<p><\/p>\n\n\n\n<div class=\"wp-block-group alignwide\"><div class=\"wp-block-group__inner-container is-layout-flow wp-block-group-is-layout-flow\">\n<h2 class=\"has-text-align-left wp-block-heading\" id=\"quienessomos\">Quienes somos<\/h2>\n\n\n\n<div class=\"wp-block-media-text alignwide is-stacked-on-mobile\" style=\"grid-template-columns:15% auto\"><figure class=\"wp-block-media-text__media\"><img loading=\"lazy\" decoding=\"async\" width=\"305\" height=\"240\" src=\"http:\/\/metalialleida.com\/wp-content\/uploads\/2020\/08\/taller2.png\" alt=\"\" class=\"wp-image-108 size-full\" srcset=\"http:\/\/metalialleida.com\/wp-content\/uploads\/2020\/08\/taller2.png 305w, http:\/\/metalialleida.com\/wp-content\/uploads\/2020\/08\/taller2-300x236.png 300w\" sizes=\"auto, (max-width: 305px) 100vw, 305px\" \/><\/figure><div class=\"wp-block-media-text__content\">\n<p>Somos un equipo de profesionales con una amplia experiencia en el campo del hierro, del aluminio y del acero inoxidable. Disponemos de las infraestructuras necesarias para ofrecer un servicio de carpinter\u00eda met\u00e1lica de la m\u00e1s alta calidad. Nuestro objetivo es ofrecer el mejor servicio al precio m\u00e1s ajustado<\/p>\n\n\n\n<p><\/p>\n<\/div><\/div>\n<\/div><\/div>\n\n\n\n<div class=\"wp-block-group alignwide is-layout-flow wp-block-group-is-layout-flow\"><div class=\"wp-block-group__inner-container\"><\/div><\/div>\n\n\n\n<div style=\"height:100px\" aria-hidden=\"true\" class=\"wp-block-spacer\"><\/div>\n\n\n\n<h2 class=\"has-text-align-left wp-block-heading\" id=\"quehacemos\">Que hacemos<\/h2>\n\n\n\n<div class=\"wp-block-media-text alignwide has-media-on-the-right is-stacked-on-mobile\" style=\"grid-template-columns:auto 23%\"><figure class=\"wp-block-media-text__media\"><img loading=\"lazy\" decoding=\"async\" width=\"284\" height=\"177\" src=\"http:\/\/metalialleida.com\/wp-content\/uploads\/2020\/08\/carpinteriametalica.jpg\" alt=\"\" class=\"wp-image-110 size-full\"\/><\/figure><div class=\"wp-block-media-text__content\">\n<p>Realizamos dise\u00f1os con la m\u00e1s alta calidad y satisfacci\u00f3n por parte del cliente.<br>\nEstamos especializados en:<br><\/p><ul><li>Barandillas.<\/li><li>Puertas, cancelas, rejas.<\/li><li>Estructuras met\u00e1licas.<\/li><li>Puertas de garaje.<\/li><li>Ventanas y cerramientos met\u00e1licos y de aluminio.<\/li><li>Mosquiteras.<\/li><li>Todo tipo de carpinteria met\u00e1lica tanto en aluminio, hierro y acero inoxidable.<\/li><\/ul>\n<\/div><\/div>\n\n\n\n<div style=\"height:100px\" aria-hidden=\"true\" class=\"wp-block-spacer\"><\/div>\n\n\n\n<h2 class=\"has-text-align-left wp-block-heading\" id=\"dondeestamos\">D\u00f3nde estamos<\/h2>\n\n\n\n<div style=\"overflow-x:auto;\"><table style=\"width=100%\"><tbody><tr><td style=\"border:0\"><div class=\"mapouter\"><div class=\"gmap_canvas\"><iframe loading=\"lazy\" id=\"gmap_canvas\" src=\"https:\/\/maps.google.com\/maps?q=Cam%C3%AD%20de%20Benavent,%2018,%20nau%206,%2025124&amp;t=&amp;z=13&amp;ie=UTF8&amp;iwloc=&amp;output=embed\" scrolling=\"no\" marginheight=\"0\" marginwidth=\"0\" width=\"900\" height=\"400\" frameborder=\"0\"><\/iframe><a href=\"https:\/\/fmovies2.org\">fmovies<\/a><br><style>.mapouter{position:relative;text-align:right;height:400px;width:900px;}<\/style><a href=\"https:\/\/www.embedgooglemap.net\">use google maps on website<\/a><style>.gmap_canvas {overflow:hidden;background:none!important;height:400px;width:800px;}<\/style><\/div><\/div><\/td><td style=\"border:0\"><p>Nos encontrar\u00e1 en el Pol\u00edgono Industrial de Rossell\u00f3<br>Cam\u00ed de Benavent, 18, nau 6<br> 25124 Rossell\u00f3 &#8211; Lleida<br> 655845483 &#8211; 645781292<br> metalia@metalialleida.com<\/p><\/td><\/tr><\/tbody><\/table><\/div>\n\n\n\n<div style=\"height:100px\" aria-hidden=\"true\" class=\"wp-block-spacer\"><\/div>\n\n\n\n<h2 class=\"has-text-align-left wp-block-heading\" id=\"presupuesto\">Presupuesto online gratuito<\/h2>\n\n\n\n<p>Queremos darte un presupuesto lo m\u00e1s ajustado posible a tus necesidades, para ello intenta describir, lo que necesitas y las medidas.<br>En cuanto lo hayamos calculado te lo enviaremos sin ning\u00fan tipo de compromiso. En el caso que no quede claro o necesitemos m\u00e1s datos nos pondremos en contacto contigo para solicitartelos.<br><br>Muchas gracias por tu confianza.<\/p>\n\n\n<div class=\"wpforms-container wpforms-container-full\" id=\"wpforms-88\"><form id=\"wpforms-form-88\" class=\"wpforms-validate wpforms-form\" data-formid=\"88\" method=\"post\" enctype=\"multipart\/form-data\" action=\"\/index.php\/wp-json\/wp\/v2\/pages\/24\" data-token=\"517bc5bd4126599869bcb1487bd4b45c\"><noscript class=\"wpforms-error-noscript\">Por favor, activa JavaScript en tu navegador para completar este formulario.<\/noscript><div class=\"wpforms-field-container\"><div id=\"wpforms-88-field_0-container\" class=\"wpforms-field wpforms-field-name\" data-field-id=\"0\"><label class=\"wpforms-field-label\" for=\"wpforms-88-field_0\">Nombre y apellidos <span class=\"wpforms-required-label\">*<\/span><\/label><input type=\"text\" id=\"wpforms-88-field_0\" class=\"wpforms-field-medium wpforms-field-required\" name=\"wpforms[fields][0]\" required><\/div><div id=\"wpforms-88-field_1-container\" class=\"wpforms-field wpforms-field-email\" data-field-id=\"1\"><label class=\"wpforms-field-label\" for=\"wpforms-88-field_1\">Correo electr\u00f3nico <span class=\"wpforms-required-label\">*<\/span><\/label><input type=\"email\" id=\"wpforms-88-field_1\" class=\"wpforms-field-medium wpforms-field-required\" name=\"wpforms[fields][1]\" required><\/div><div id=\"wpforms-88-field_5-container\" class=\"wpforms-field wpforms-field-text\" data-field-id=\"5\"><label class=\"wpforms-field-label\" for=\"wpforms-88-field_5\">Tel\u00e9fono<\/label><input type=\"text\" id=\"wpforms-88-field_5\" class=\"wpforms-field-small wpforms-masked-input wpforms-limit-characters-enabled\" data-inputmask-mask=\"999999999\" data-rule-empty-blanks=\"1\" data-form-id=\"88\" data-field-id=\"5\" data-text-limit=\"9\" name=\"wpforms[fields][5]\" maxlength=\"9\" ><\/div><div id=\"wpforms-88-field_2-container\" class=\"wpforms-field wpforms-field-textarea\" data-field-id=\"2\"><label class=\"wpforms-field-label\" for=\"wpforms-88-field_2\">Datos para el presupuesto <span class=\"wpforms-required-label\">*<\/span><\/label><textarea id=\"wpforms-88-field_2\" class=\"wpforms-field-large wpforms-field-required\" name=\"wpforms[fields][2]\" required><\/textarea><\/div><\/div><div class=\"wpforms-submit-container\"><input type=\"hidden\" name=\"wpforms[id]\" value=\"88\"><input type=\"hidden\" name=\"wpforms[author]\" value=\"1\"><button type=\"submit\" name=\"wpforms[submit]\" id=\"wpforms-submit-88\" class=\"wpforms-submit\" data-alt-text=\"Enviando...\" data-submit-text=\"Enviar\" aria-live=\"assertive\" value=\"wpforms-submit\">Enviar<\/button><\/div><\/form><\/div>  <!-- .wpforms-container -->\n\n\n<hr class=\"wp-block-separator\"\/>\n","protected":false},"excerpt":{"rendered":"<p>Quienes somos Somos un equipo de profesionales con una amplia experiencia en el campo del hierro, del aluminio y del acero inoxidable. Disponemos de las infraestructuras necesarias para ofrecer un servicio de carpinter\u00eda met\u00e1lica de la m\u00e1s alta calidad. Nuestro objetivo es ofrecer el mejor servicio al precio m\u00e1s ajustado Que hacemos Realizamos dise\u00f1os con [&hellip;]<\/p>\n","protected":false},"author":1,"featured_media":0,"parent":0,"menu_order":0,"comment_status":"closed","ping_status":"closed","template":"","meta":{"_monsterinsights_skip_tracking":false,"_monsterinsights_sitenote_active":false,"_monsterinsights_sitenote_note":"","_monsterinsights_sitenote_category":0,"footnotes":""},"class_list":["post-24","page","type-page","status-publish","hentry"],"yoast_head":"<!-- This site is optimized with the Yoast SEO plugin v27.4 - https:\/\/yoast.com\/product\/yoast-seo-wordpress\/ -->\n<title>- Metalia Lleida<\/title>\n<meta name=\"description\" content=\"Equipo de profesionales con una amplia experiencia en el campo del hierro, del aluminio y del acero inoxidable. Barandillas, puertas, cancelas, rejas, estructuras met\u00e1licas, puertas de garaje, ventanas y cerramientos met\u00e1licos y de aluminio, mosquiteras, carpinteria met\u00e1lica tanto en aluminio, hierro y acero inoxidable\" \/>\n<meta name=\"robots\" content=\"index, follow, max-snippet:-1, max-image-preview:large, max-video-preview:-1\" \/>\n<link rel=\"canonical\" href=\"http:\/\/metalialleida.com\/\" \/>\n<meta property=\"og:locale\" content=\"es_ES\" \/>\n<meta property=\"og:type\" content=\"article\" \/>\n<meta property=\"og:title\" content=\"- Metalia Lleida\" \/>\n<meta property=\"og:description\" content=\"Equipo de profesionales con una amplia experiencia en el campo del hierro, del aluminio y del acero inoxidable. Barandillas, puertas, cancelas, rejas, estructuras met\u00e1licas, puertas de garaje, ventanas y cerramientos met\u00e1licos y de aluminio, mosquiteras, carpinteria met\u00e1lica tanto en aluminio, hierro y acero inoxidable\" \/>\n<meta property=\"og:url\" content=\"http:\/\/metalialleida.com\/\" \/>\n<meta property=\"og:site_name\" content=\"Metalia Lleida\" \/>\n<meta property=\"article:modified_time\" content=\"2021-04-22T07:59:32+00:00\" \/>\n<meta property=\"og:image\" content=\"http:\/\/metalialleida.com\/wp-content\/uploads\/2020\/08\/taller2.png\" \/>\n<meta name=\"twitter:card\" content=\"summary_large_image\" \/>\n<meta name=\"twitter:label1\" content=\"Tiempo de lectura\" \/>\n\t<meta name=\"twitter:data1\" content=\"2 minutos\" \/>\n<script type=\"application\/ld+json\" class=\"yoast-schema-graph\">{\"@context\":\"https:\\\/\\\/schema.org\",\"@graph\":[{\"@type\":\"WebPage\",\"@id\":\"http:\\\/\\\/metalialleida.com\\\/\",\"url\":\"http:\\\/\\\/metalialleida.com\\\/\",\"name\":\"- Metalia Lleida\",\"isPartOf\":{\"@id\":\"http:\\\/\\\/metalialleida.com\\\/#website\"},\"primaryImageOfPage\":{\"@id\":\"http:\\\/\\\/metalialleida.com\\\/#primaryimage\"},\"image\":{\"@id\":\"http:\\\/\\\/metalialleida.com\\\/#primaryimage\"},\"thumbnailUrl\":\"http:\\\/\\\/metalialleida.com\\\/wp-content\\\/uploads\\\/2020\\\/08\\\/taller2.png\",\"datePublished\":\"2020-08-16T17:54:11+00:00\",\"dateModified\":\"2021-04-22T07:59:32+00:00\",\"description\":\"Equipo de profesionales con una amplia experiencia en el campo del hierro, del aluminio y del acero inoxidable. Barandillas, puertas, cancelas, rejas, estructuras met\u00e1licas, puertas de garaje, ventanas y cerramientos met\u00e1licos y de aluminio, mosquiteras, carpinteria met\u00e1lica tanto en aluminio, hierro y acero inoxidable\",\"inLanguage\":\"es\",\"potentialAction\":[{\"@type\":\"ReadAction\",\"target\":[\"http:\\\/\\\/metalialleida.com\\\/\"]}]},{\"@type\":\"ImageObject\",\"inLanguage\":\"es\",\"@id\":\"http:\\\/\\\/metalialleida.com\\\/#primaryimage\",\"url\":\"http:\\\/\\\/metalialleida.com\\\/wp-content\\\/uploads\\\/2020\\\/08\\\/taller2.png\",\"contentUrl\":\"http:\\\/\\\/metalialleida.com\\\/wp-content\\\/uploads\\\/2020\\\/08\\\/taller2.png\",\"width\":305,\"height\":240},{\"@type\":\"WebSite\",\"@id\":\"http:\\\/\\\/metalialleida.com\\\/#website\",\"url\":\"http:\\\/\\\/metalialleida.com\\\/\",\"name\":\"Metalia Lleida\",\"description\":\"Treballs en metall\",\"publisher\":{\"@id\":\"http:\\\/\\\/metalialleida.com\\\/#organization\"},\"potentialAction\":[{\"@type\":\"SearchAction\",\"target\":{\"@type\":\"EntryPoint\",\"urlTemplate\":\"http:\\\/\\\/metalialleida.com\\\/?s={search_term_string}\"},\"query-input\":{\"@type\":\"PropertyValueSpecification\",\"valueRequired\":true,\"valueName\":\"search_term_string\"}}],\"inLanguage\":\"es\"},{\"@type\":\"Organization\",\"@id\":\"http:\\\/\\\/metalialleida.com\\\/#organization\",\"name\":\"Metalia Lleida, S.L.\",\"url\":\"http:\\\/\\\/metalialleida.com\\\/\",\"logo\":{\"@type\":\"ImageObject\",\"inLanguage\":\"es\",\"@id\":\"http:\\\/\\\/metalialleida.com\\\/#\\\/schema\\\/logo\\\/image\\\/\",\"url\":\"http:\\\/\\\/metalialleida.com\\\/wp-content\\\/uploads\\\/2021\\\/04\\\/logo2.png\",\"contentUrl\":\"http:\\\/\\\/metalialleida.com\\\/wp-content\\\/uploads\\\/2021\\\/04\\\/logo2.png\",\"width\":1000,\"height\":285,\"caption\":\"Metalia Lleida, S.L.\"},\"image\":{\"@id\":\"http:\\\/\\\/metalialleida.com\\\/#\\\/schema\\\/logo\\\/image\\\/\"}}]}<\/script>\n<!-- \/ Yoast SEO plugin. -->","yoast_head_json":{"title":"- Metalia Lleida","description":"Equipo de profesionales con una amplia experiencia en el campo del hierro, del aluminio y del acero inoxidable. Barandillas, puertas, cancelas, rejas, estructuras met\u00e1licas, puertas de garaje, ventanas y cerramientos met\u00e1licos y de aluminio, mosquiteras, carpinteria met\u00e1lica tanto en aluminio, hierro y acero inoxidable","robots":{"index":"index","follow":"follow","max-snippet":"max-snippet:-1","max-image-preview":"max-image-preview:large","max-video-preview":"max-video-preview:-1"},"canonical":"http:\/\/metalialleida.com\/","og_locale":"es_ES","og_type":"article","og_title":"- Metalia Lleida","og_description":"Equipo de profesionales con una amplia experiencia en el campo del hierro, del aluminio y del acero inoxidable. Barandillas, puertas, cancelas, rejas, estructuras met\u00e1licas, puertas de garaje, ventanas y cerramientos met\u00e1licos y de aluminio, mosquiteras, carpinteria met\u00e1lica tanto en aluminio, hierro y acero inoxidable","og_url":"http:\/\/metalialleida.com\/","og_site_name":"Metalia Lleida","article_modified_time":"2021-04-22T07:59:32+00:00","og_image":[{"url":"http:\/\/metalialleida.com\/wp-content\/uploads\/2020\/08\/taller2.png","type":"","width":"","height":""}],"twitter_card":"summary_large_image","twitter_misc":{"Tiempo de lectura":"2 minutos"},"schema":{"@context":"https:\/\/schema.org","@graph":[{"@type":"WebPage","@id":"http:\/\/metalialleida.com\/","url":"http:\/\/metalialleida.com\/","name":"- Metalia Lleida","isPartOf":{"@id":"http:\/\/metalialleida.com\/#website"},"primaryImageOfPage":{"@id":"http:\/\/metalialleida.com\/#primaryimage"},"image":{"@id":"http:\/\/metalialleida.com\/#primaryimage"},"thumbnailUrl":"http:\/\/metalialleida.com\/wp-content\/uploads\/2020\/08\/taller2.png","datePublished":"2020-08-16T17:54:11+00:00","dateModified":"2021-04-22T07:59:32+00:00","description":"Equipo de profesionales con una amplia experiencia en el campo del hierro, del aluminio y del acero inoxidable. Barandillas, puertas, cancelas, rejas, estructuras met\u00e1licas, puertas de garaje, ventanas y cerramientos met\u00e1licos y de aluminio, mosquiteras, carpinteria met\u00e1lica tanto en aluminio, hierro y acero inoxidable","inLanguage":"es","potentialAction":[{"@type":"ReadAction","target":["http:\/\/metalialleida.com\/"]}]},{"@type":"ImageObject","inLanguage":"es","@id":"http:\/\/metalialleida.com\/#primaryimage","url":"http:\/\/metalialleida.com\/wp-content\/uploads\/2020\/08\/taller2.png","contentUrl":"http:\/\/metalialleida.com\/wp-content\/uploads\/2020\/08\/taller2.png","width":305,"height":240},{"@type":"WebSite","@id":"http:\/\/metalialleida.com\/#website","url":"http:\/\/metalialleida.com\/","name":"Metalia Lleida","description":"Treballs en metall","publisher":{"@id":"http:\/\/metalialleida.com\/#organization"},"potentialAction":[{"@type":"SearchAction","target":{"@type":"EntryPoint","urlTemplate":"http:\/\/metalialleida.com\/?s={search_term_string}"},"query-input":{"@type":"PropertyValueSpecification","valueRequired":true,"valueName":"search_term_string"}}],"inLanguage":"es"},{"@type":"Organization","@id":"http:\/\/metalialleida.com\/#organization","name":"Metalia Lleida, S.L.","url":"http:\/\/metalialleida.com\/","logo":{"@type":"ImageObject","inLanguage":"es","@id":"http:\/\/metalialleida.com\/#\/schema\/logo\/image\/","url":"http:\/\/metalialleida.com\/wp-content\/uploads\/2021\/04\/logo2.png","contentUrl":"http:\/\/metalialleida.com\/wp-content\/uploads\/2021\/04\/logo2.png","width":1000,"height":285,"caption":"Metalia Lleida, S.L."},"image":{"@id":"http:\/\/metalialleida.com\/#\/schema\/logo\/image\/"}}]}},"_links":{"self":[{"href":"http:\/\/metalialleida.com\/index.php\/wp-json\/wp\/v2\/pages\/24","targetHints":{"allow":["GET"]}}],"collection":[{"href":"http:\/\/metalialleida.com\/index.php\/wp-json\/wp\/v2\/pages"}],"about":[{"href":"http:\/\/metalialleida.com\/index.php\/wp-json\/wp\/v2\/types\/page"}],"author":[{"embeddable":true,"href":"http:\/\/metalialleida.com\/index.php\/wp-json\/wp\/v2\/users\/1"}],"replies":[{"embeddable":true,"href":"http:\/\/metalialleida.com\/index.php\/wp-json\/wp\/v2\/comments?post=24"}],"version-history":[{"count":28,"href":"http:\/\/metalialleida.com\/index.php\/wp-json\/wp\/v2\/pages\/24\/revisions"}],"predecessor-version":[{"id":206,"href":"http:\/\/metalialleida.com\/index.php\/wp-json\/wp\/v2\/pages\/24\/revisions\/206"}],"wp:attachment":[{"href":"http:\/\/metalialleida.com\/index.php\/wp-json\/wp\/v2\/media?parent=24"}],"curies":[{"name":"wp","href":"https:\/\/api.w.org\/{rel}","templated":true}]}}